z, 5*v = 4*z + 14279. What is the remainder when v is divided by 75?
9
Let g = 310 - 306. Suppose 224 + 104 = g*m. What is the remainder when m is divided by 12?
10
Suppose -5*t = -337 - 58. What is the remainder when t + (-1 - (1 - 1)) is divided by (-35292)/(-15916)*322/42?
10
Let n(o) = 6*o**2 - 5*o - 24. Let r be n(6). Let w = -83 + r. Calculate the remainder when w is divided by 10.
9
Let r = 6661 + -6633. Calculate the remainder when 99 is divided by r.
15
Let p = -1 - -13. Let r(h) be the second derivative of h**4/12 + h**3/2 + 39*h**2/2 - 156*h. What is the remainder when r(-9) is divided by p?
9
Let m = 29 - 29. Suppose m = -5*g + 3*h - 2*h + 125, 2*h = 2*g - 42. What is the remainder when 49 is divided by g?
23
Suppose 4 = g + 3. Let s(o) = -o**2 + 2*o + 2. What is the remainder when 19 is divided by s(g)?
1
Let j be 0/(-4 - 0 - (-4 - -2)). Let v(m) = -m**2 - 3*m + 30. Calculate the remainder when 147 is divided by v(j).
27
What is the remainder when 404 is divided by -3*((-1)/2 + (-532)/8)?
2
Suppose 5*d - 5*h - 3495 = 0, -2*d + 1178*h = 1179*h - 1377. Let u = -15 + 24. What is the remainder when d is divided by u?
8
Let a(i) = 2*i - 2*i + 15*i + 3*i + 6. Let g be a(11). Calculate the remainder when ((-24)/36)/((-2)/g) is divided by 23.
22
Let o = -16693 - -46751. What is the remainder when o is divided by 36?
34
Let t(g) = g**2 - 14*g + 44. Let m be t(4). Suppose 3*a + 366 = 3*z, -m*z + z + 5*a + 360 = 0. Calculate the remainder when z is divided by 14.
13
Suppose 3*z = -z + 184. Suppose -17827 = -943*f + 150970. Calculate the remainder when f is divided by z.
41
Let r(q) = -2*q**2 + 29*q + 144. Calculate the remainder when r(16) is divided by 28.
12
Suppose 3*p + 4*x - 23 = 0, -3*p - 4*x + 5 = -2*p. Suppose p*m = 12*m - 48. Calculate the remainder when 48 is divided by m.
0
Let i(n) = 186*n + 3. Suppose 42*h - 1141 - 1246 + 77 = 0. Calculate the remainder when i(5) is divided by h.
53
Suppose -2*a - 3*p + 161 - 116 = 0, 5*p = -a + 12. Calculate the remainder when 451 is divided by a.
19
Suppose -182*f - 82*f + 4181 = 749. Calculate the remainder when 6954 is divided by f.
12
Let q be 6/3*(-6)/(-4). Let j(n) = -5*n**2 - 7*n**q + 2*n**2 - n**2 + 2*n**2. What is the remainder when j(-2) is divided by 17?
14
Let a(j) = 9 + j - 9*j**2 + 2*j**3 - 3*j**3 + 2 + 9*j. Let f be ((-20)/(-7))/(12/(-42)). What is the remainder when 42 is divided by a(f)?
9
Let i = -406 - -456. What is the remainder when 488 is divided by i?
38
Suppose 4*m + 2*s - 840 = 0, m = -5*s + 223 - 22. Let f = m - 91. What is the remainder when f is divided by 11?
10
Suppose 2*h = -3*b - 108 + 354, 4*b + h - 328 = 0. Let f = b - 49. What is the remainder when f is divided by 12?
9
Suppose 149 = 5*a - 5*v - 26, 3*v = -9. Calculate the remainder when 68 is divided by a.
4
Let w be (-247 - -3*(-25)/(-15))*1. Let h = w + 253. What is the remainder when 17 is divided by h?
6
Let o = 6310 + -6299. What is the remainder when 534 is divided by o?
6
Suppose -2*r + 1 - 17 = -3*b, 4*r = -5*b - 10. Suppose 5*h - 68 = -b*p, 0*h - 68 = -2*p + 3*h. What is the remainder when 132 is divided by p?
30
Calculate the remainder when 577 is divided by (-551)/(-5) - (-4 + -1*63/(-15)).
27
Suppose 125 = 45*n - 6 - 49. What is the remainder when 59 is divided by n?
3
Let u(i) = 141*i - 145. Suppose -v = r - 37, 0*r - 4*r + 5*v = -130. Calculate the remainder when u(3) is divided by r.
33
Suppose -5*a = 15*p - 16*p - 97, -2*p - 168 = 3*a. Let i(m) = 21*m**2. Let n be i(-1). Calculate the remainder when (-1 + p/n)/((-2)/21) is divided by 19.
16
Suppose -c = 3*c - 100. Calculate the remainder when c is divided by (-63 + 4 + 13)/(-2).
2
Let o(g) = -2*g**2 - 33*g - 51. Let y(d) = 2*d**2 + 34*d + 53. Let n(k) = -5*o(k) - 6*y(k). Calculate the remainder when 38 is divided by n(-17).
16
Let d be 0 + 4 - (-20)/(-10). Suppose -d*u - 2*z - 10 = 0, -5*z = 2*u + 16 + 3. What is the remainder when (776/12)/(u/(-3)) is divided by 14?
13
Let k = 531 - 523. Let x(h) = 2*h + 26. Calculate the remainder when k is divided by x(-11).
0
Calculate the remainder when (-212)/(-6)*9/3 is divided by -9*2/45 - (-414)/10.
24
Suppose -19*j + 30*j - 957 = 0. Calculate the remainder when 835 is divided by j.
52
Let j be (16/(-8))/(6/1989). What is the remainder when (-3)/(j/165 + 4) is divided by 7?
4
Let n(x) = -5*x + 2 + 118*x**2 - 114*x**2 - 1 + 2. Calculate the remainder when n(-5) is divided by (-1)/4 - (-105)/4.
24
Let d = -128 + 132. Suppose 5*n = 0, -d*g - 2*n + 64 = -0*n. What is the remainder when 153 is divided by g?
9
Let r(s) = 89*s**3 - 1. Let l(h) = h**3 + 22*h**2 + 79*h + 790. Calculate the remainder when r(1) is divided by l(-20).
8
Suppose 54*h - 3024 = -30*h. Suppose -2034 = -12*z - 762. What is the remainder when z is divided by h?
34
Let f be (-3 + 5)*20/8. Suppose r + 5 = d + 3*r, 0 = f*d - r - 14. Suppose -b + d*b - 294 = 0. Calculate the remainder when b is divided by 30.
27
Let q(k) = -8*k + 757. What is the remainder when 461 is divided by q(83)?
89
Let k = 13200 + -13016. What is the remainder when 1114 is divided by k?
10
Suppose -32*i - 12 = -35*i. Suppose k + i*w = 126, 611 = 5*k + 5*w - 4*w. Calculate the remainder when k is divided by (20/(-6))/((-2)/15).
22
Let r = -138 - -171. Suppose -13*q + 16*q - r = 0. What is the remainder when 12 is divided by q?
1
Suppose 5*y = -105 - 0. Let v = -24 - y. Let i(l) = -l**3 - l**2 + 5*l. What is the remainder when 21 is divided by i(v)?
0
Let t(h) = 18*h - 2. Let c(f) = 4*f - 7. Let v be c(14). Suppose 50*g - v*g - 23 = 0. Calculate the remainder when t(3) is divided by g.
6
Let n = 38588 + -38508. What is the remainder when 935 is divided by n?
55
Let w(i) = 114*i + 3497. Calculate the remainder when 449 is divided by w(-30).
64
Let i = -490 - -598. Suppose 4*l - i = -3*m, 4*m - 131 = l - 2*l. Calculate the remainder when 147 is divided by m.
19
Suppose 2*t = -10*a + 924, -4*t = 2*a - 2*t - 180. Calculate the remainder when 454 is divided by a.
82
Let x(n) = 8*n**3 - 13*n**2 - 44*n + 12. What is the remainder when 1830 is divided by x(4)?
10
Suppose 2239*y - 9640 + 17220 - 211329 = 0. What is the remainder when y is divided by -1*(-19 + 0 - 0)?
15
Let b(i) = -98*i + 1980. What is the remainder when 69 is divided by b(20)?
9
Let g be (-3)/6 - (-149)/2. Suppose 3*m = -0*m. Suppose m = 5*w - 41 - g. Calculate the remainder when 91 is divided by w.
22
Suppose s = -3*f + 10130, 0 = -28*s + 3*f + 93541 + 189316. Calculate the remainder when s is divided by 14.
9
Suppose 22 = 2*d - 16. Let a = -153 - -172. Suppose x = 4*m - 516, 5*m - 630 = 24*x - a*x. What is the remainder when m is divided by d?
16
Let q = 11136 + -10973. What is the remainder when 703 is divided by q?
51
Let r = -6055 + 6707. What is the remainder when 1309 is divided by r?
5
Let a(m) = 738*m + 5235. What is the remainder when 738 is divided by a(-7)?
48
Let g(i) = -28*i + 90. Let u be 1*(-21)/(-9) - (-30)/(-90). What is the remainder when g(u) is divided by 4?
2
Let h(v) = 346*v - 1380. Calculate the remainder when 847 is divided by h(4).
3
Let l be -3 + 10/(-6) + 14/(-42). Let b be 2 - (l - -3) - -8. Suppose 2*u = 2*i + b, 2*u - 3*i = i + 6. What is the remainder when 35 is divided by u?
8
Suppose -18*s + 51*s - 2115 = -12*s. What is the remainder when 375 is divided by s?
46
Suppose 0 = 15*y - 10*y + 3*j + 10, 0 = -y - 2*j - 9. Let n(g) = 8*g - 1. What is the remainder when 25 is divided by n(y)?
4
Suppose -2*c - 23 - 137 = 0. Let f = c - -85. Suppose -3*b + 2*b - f*g + 169 = 0, b - 3*g = 169. Calculate the remainder when b is divided by 17.
16
Let o(c) = -c**3 + 7*c**2 - 18*c - 85. Calculate the remainder when o(-3) is divided by 32.
27
Let f be 44/(-5) + 8 + 8/10. Suppose 2*k - 76 + 64 = f. Calculate the remainder when k is divided by 4.
2
Suppose -4*z = 5*y - 42, z - y = -10 + 16. Calculate the remainder when ((-196)/(-16))/((-7)/z - -1) is divided by 41.
16
Let j(l) = -15*l - 107. Let x be j(-12). Let g = 55 + 24. Suppose g*p - 60 = x*p. What is the remainder when 17 is divided by p?
7
Let n(f) = 156*f - 428. Let h(s) = 14*s - 39. Let u(y) = 68*h(y) - 6*n(y). What is the remainder when 358 is divided by u(9)?
58
Suppose -54*u + 22*u + 499 = -269. What is the remainder when 243 is 